 - 66*l - 25680 = 0. What is the hundreds digit of l?
7
Let i(d) = 120*d + 13. Let v = 145 - 143. What is the units digit of i(v)?
3
Suppose -374*a + 378 = -372*a. What is the hundreds digit of a?
1
Suppose 4*j + 14*a - 5*a - 2506 = 0, -2*a - 4 = 0. What is the hundreds digit of j?
6
Suppose 295 = -t + 6*t - 5*g, -3*g = -4*t + 236. Let v be (3/2)/((-30)/(-520)). Let l = t - v. What is the units digit of l?
3
Let m be 9/6*(-10)/3. Let z be -1 - (-1 + 2 + m). Suppose -z*w + 18 = -51. What is the units digit of w?
3
What is the hundreds digit of (-62468)/(-36) + (-12)/54?
7
Suppose -a - 4*o = -2417, -4*o = 23*a - 25*a + 4882. What is the hundreds digit of a?
4
What is the hundreds digit of 28/84 - (-28216)/6?
7
Let v(m) = 10*m - 14. Let n be v(7). Suppose 0 = -n*p + 61*p - 10. What is the units digit of p?
2
Suppose -4*s + 10652 = 3*i, 10*s = 9*s + 3*i + 2648. What is the units digit of s?
0
Suppose 3*t = 5*d - 63 + 315, -5*d = t + 236. Let b = d + 94. Suppose 4*r = -3*h + 179, -2*h = -2*r - b - 64. What is the units digit of h?
7
Let u = -12 - -42. Let q be u/4*8/6. Suppose -8 = -q*y + 2*y. What is the units digit of y?
1
Suppose 0 = -3*v + 3*f + 9, -3*v - 2*f = 2*v - 22. Suppose 0 = 2*n - 3*n + v*c - 12, 0 = -5*n + 5*c. Suppose q = n - 3. What is the units digit of q?
1
Let v(c) be the first derivative of -c**3/3 - 2*c**2 - 5*c + 10. Let y be v(7). Let w = 122 + y. What is the tens digit of w?
4
Let s(f) = 17*f - 7. Let o be s(5). Suppose -o = -3*l - 0*l. Let q = l - -24. What is the units digit of q?
0
Suppose 0*b + 4*m = -b - 21, 4*b + 4*m = -24. What is the tens digit of 0 + 1 + 218 + b?
1
Let d(y) = -4*y - 2. Let n be d(-2). Let w = n + -4. What is the tens digit of (-1)/w + (-58)/(-4)?
1
Let v(u) = u**2 - 7*u + 5. Suppose -2*z - z + 6 = 0, -2*b + 10 = -2*z. What is the units digit of v(b)?
5
Let a(k) = k**3 - 5*k**2 + k - 3. Let s(f) = -f**2 - 7*f + 5. Let r be s(-7). What is the units digit of a(r)?
2
Let a(c) = 50*c**2 + 80*c - 8. What is the thousands digit of a(6)?
2
Suppose 0 = 74*z - 73*z - 5. Suppose 5*j - 1250 = -z*j. What is the tens digit of j?
2
Let y be ((-8)/6)/(1/3). Let r = 155 + -110. Let w = y + r. What is the units digit of w?
1
Suppose 3*v + 6 = 3. Let h = v - -2. What is the units digit of h?
1
What is the tens digit of ((-28)/(-6))/(4/(-8 + 80))?
8
Let n be (13/2)/(1/(-2)). Let p be (-19*(-4 + 1))/(24/16). Let b = p + n. What is the tens digit of b?
2
Let d(p) = 8 + 2 - 11. Let j(c) = -2*c - 12. Let l(k) = -12*d(k) + j(k). What is the tens digit of l(-7)?
1
Suppose -1155 - 385 = -5*p. What is the hundreds digit of p?
3
Let k = 41 - 37. Suppose -g + 21 = -3*v, 0 = -g - k*v + 3*v + 17. Suppose 2*f = 5*h - g, 0*h = f - 2*h + 7. What is the units digit of f?
1
Suppose -3*z = -5*f - 649, -12*z + 227 = -11*z + f. What is the units digit of z?
3
Let h(n) = 103*n**2 + 90*n + 336. What is the tens digit of h(-4)?
2
Let u(c) = c**3 - 2*c**2 + c + 2. Let v be u(2). Suppose i - 274 = -4*h, -v*i - 79 = -h - 2. What is the tens digit of h?
6
Suppose -2*l - 25 = -7*l + 5*t, l - 3 = -t. Suppose 2*q - r - 50 = q, l*q = -r + 225. What is the tens digit of q?
5
Suppose -27 = 2*q - 3*j + 42, -5*q = 5*j + 135. Let y = q + 70. What is the tens digit of y?
4
Suppose v + 7 = 4*x - 5, -3*v + 15 = 5*x. Suppose v = 4*a + 1 - 5. What is the tens digit of (-5 - -6)/(a/45)?
4
Let c(z) be the second derivative of z**4/3 + z**3/3 - 37*z**2/2 + 6*z. What is the units digit of c(-6)?
5
Suppose -3*v + 161 = 65. Suppose 5*t + 2*i - 7 = 6*t, 2*t + 4 = -i. Let x = v + t. What is the tens digit of x?
2
Suppose -481 = -6*g + 3017. What is the tens digit of g?
8
Suppose -5*f + 2*f = -3*s + 2166, 0 = -5*s - 4*f + 3655. What is the tens digit of s?
2
Suppose -10*a - 1110 + 2680 = 0. Suppose d + 793 = 4*j + a, 2*d - 168 = -j. What is the tens digit of j?
6
Suppose 4*j - w = 8*j - 17, -2*w = -j + 2. Suppose -j*t - 8 = -204. What is the units digit of t?
9
Suppose -4*j - k + 10 + 0 = 0, -2*j + 2*k + 10 = 0. Suppose -j*y - 152 = -3*q + 2*y, -4*q = -5*y - 211. Let m = -35 + q. What is the units digit of m?
4
Suppose -6 - 8 = -7*r. Let b be -21 - (-1 - (1 - r)). Let o = b + 26. What is the units digit of o?
5
Let t be 93 + (-2 + (1 - 3) - -5). What is the units digit of (-1)/(2 - t/46)?
3
Let y(s) = s + 4 + 6*s**3 + 2*s**2 + 0*s**2 - 3*s**2 - 4*s**3. Suppose o = -3*o + 12. What is the units digit of y(o)?
2
Suppose 60*z = 24*z + 52992. What is the units digit of z?
2
Suppose -2*o + 3521 = y, -4*y + 10595 = -y - 2*o. What is the hundreds digit of y?
5
Let i = -35 + 50. Let s = 68 + i. What is the tens digit of s?
8
Suppose -351 = -4*d + 3*d. What is the tens digit of d?
5
Suppose d + 2*c = 10, 3*d = -3*c - 5 + 23. Suppose -2*w - 3*m - m + 126 = 0, 2*w - 108 = d*m. What is the tens digit of w?
5
Let u(n) = -82*n + 76. What is the tens digit of u(-12)?
6
What is the units digit of 2*((-368)/24)/(12/(-369))?
3
Suppose 4 = 8*n - 7*n, -2*n + 3628 = 4*q. What is the hundreds digit of q?
9
Let f(w) = -11*w + 55. What is the units digit of f(-15)?
0
Let y(h) = h**3 + 9*h**2 - 9*h + 17. What is the units digit of y(-10)?
7
Let z = -487 - -1149. What is the units digit of z?
2
Suppose 0 = -4*j + 7*j - 6. Suppose 833 = 5*u + 4*v, -163 = j*u - 3*u + v. What is the units digit of u?
5
Let v(k) = -4*k - 2. Let i be v(-1). Suppose 0 = 2*c - 6*c - 2*y + 54, -4*c = -i*y - 66. Let f(d) = -d + 19. What is the units digit of f(c)?
4
Let i(z) = -z**2 - 5*z. Let k be i(-3). Let q = k - 3. What is the units digit of 1/(q/(-276)*-4)?
3
Let h(a) = -49*a + 68. What is the tens digit of h(-11)?
0
Let g = 1256 - 86. What is the hundreds digit of g?
1
Suppose -74 = -4*h + 2*r, 79 = 6*h - 2*h - 3*r. Suppose 6 = -15*c + h*c. What is the units digit of c?
6
Suppose 2 + 18 = 5*s. What is the tens digit of 19 + (s - 0/2)?
2
Let h = -622 - -628. What is the units digit of h?
6
Let d(n) = 4*n**2 - 6*n - 3*n**2 - 2*n + n. Let p(k) = -2*k**2 + 13*k - 1. Let y(a) = -5*d(a) - 2*p(a). What is the units digit of y(7)?
6
Let r be (1 + 253)/(-2) + 2/(-1). Let c = -38 - r. What is the units digit of c?
1
Let d = 82 - 73. Suppose 6*j - 57 + d = 0. What is the units digit of j?
8
Let x be (-1 + 4)*8/6. Let w = x + -1. Suppose -n + 6*n - 2*h = 52, -w*n + 35 = -5*h. What is the tens digit of n?
1
Suppose -5*q + 1051 = n - 410, -2*n = 2*q - 2930. What is the units digit of n?
6
Let z be (3 - (-170)/4) + 24/16. Let b = -19 - -4. Let i = z + b. What is the tens digit of i?
3
Suppose -11*p = -197 + 10. What is the units digit of p?
7
Let r = -21 + -50. Let m = r - -32. Let f = 72 + m. What is the units digit of f?
3
Suppose -29*c + 9*c + 29460 = 0. What is the tens digit of c?
7
Suppose -35*f + 2598 = -31*f + b, -5*f + 3248 = b. What is the hundreds digit of f?
6
Suppose -3*i - 2*b = -1266, -b = 4*i + b - 1690. What is the units digit of i?
4
Let v = -16 + 20. Suppose 0 = -5*d - v*z + 1510, -3*d + 914 = 3*z + z. What is the units digit of d?
8
Suppose 21 = -3*b - 0*b + 3*v, 3*b + 6 = -2*v. Let h be -4*(b + 5) + 6. Suppose -h*n + 60 = 3*n. What is the units digit of n?
2
Let z be 6/10 + (-187)/(-55). Suppose z = -b + 5, -5*w + 1070 = 5*b. What is the tens digit of w?
1
Let j(v) be the second derivative of 0 + 3*v + 1/12*v**4 - 2/3*v**3 + 9/2*v**2. What is the tens digit of j(6)?
2
Let k be (-1)/(-2) - ((-15)/(-2))/5. What is the units digit of k*3*(-24)/9?
8
Let j be 2*-2*21/(-12). Suppose 0 = -j*x - 457 + 1906. Suppose -x + 18 = -3*k. What is the tens digit of k?
6
Let g(z) = -z**3 + 4*z**2 - 27*z + 8 + 16*z + 14*z. Let n be g(5). What is the tens digit of (3/(-5))/(n/90)?
2
Suppose 3*m + 894 = 4*k, 2*m + 1119 = 5*k - m. What is the hundreds digit of k?
2
Suppose o + 4*t = -2*o + 20, 4*o - 4*t = 36. Suppose 129 = o*g - 7*g. What is the tens digit of g?
2
Let k be (51/(-15) - -4)*15. Suppose -k*v + 5*v = -20. Suppose -122 - 108 = -v*c. What is the units digit of c?
6
Suppose -2*p + 70 = 2*d, 4*p + 58 = d + d. Let f be 8*(d/12 - -2). Suppose -i - i + f = 0. What is the tens digit of i?
1
Let u(x) = -10*x + 4. Let z(a) = -11*a + 4. Let j(y) = 3*u(y) - 2*z(y). Let k be j(-4). Suppose 2*c = 5*c - k. What is the units digit of c?
2
Let r(g) = -10*g + 34. What is the tens digit of r(-18)?
1
Let i = 6 + -3. Suppose 50 = i*